e remainder when 5285893 is divided by 1029?
949
Calculate the remainder when 2100503 is divided by 210049.
13
What is the remainder when 280545 is divided by 70098?
153
What is the remainder when 19333662 is divided by 647?
8
Calculate the remainder when 206999 is divided by 681.
656
What is the remainder when 63884 is divided by 15971?
0
Calculate the remainder when 128255 is divided by 51.
41
Calculate the remainder when 21419711 is divided by 192.
191
Calculate the remainder when 35622 is divided by 11433.
1323
What is the remainder when 42959767 is divided by 115?
22
Calculate the remainder when 16486827 is divided by 276.
243
What is the remainder when 5581779 is divided by 409?
156
What is the remainder when 387227 is divided by 9978?
8063
What is the remainder when 6122151 is divided by 528?
519
What is the remainder when 1084323 is divided by 381?
378
Calculate the remainder when 2697147 is divided by 539429.
2
What is the remainder when 42392 is divided by 13852?
836
Calculate the remainder when 198843 is divided by 1525.
593
What is the remainder when 458489 is divided by 17624?
265
What is the remainder when 160827968 is divided by 5948?
5944
What is the remainder when 2970737 is divided by 1485345?
47
Calculate the remainder when 4447528 is divided by 926.
876
What is the remainder when 204933 is divided by 131?
49
Calculate the remainder when 5808340 is divided by 36.
28
What is the remainder when 38413 is divided by 5027?
3224
Calculate the remainder when 4034446 is divided by 274.
70
What is the remainder when 1723409 is divided by 418?
413
Calculate the remainder when 4787 is divided by 832.
627
What is the remainder when 60383899 is divided by 32?
27
What is the remainder when 785244 is divided by 112128?
348
Calculate the remainder when 550279 is divided by 3771.
3484
Calculate the remainder when 14609340 is divided by 7304669.
2
What is the remainder when 104987 is divided by 567?
92
Calculate the remainder when 43346600 is divided by 1238473.
45
What is the remainder when 2590 is divided by 320?
30
What is the remainder when 3745984 is divided by 42?
4
Calculate the remainder when 562195 is divided by 8781.
211
What is the remainder when 15470962 is divided by 418134?
4
What is the remainder when 114668332 is divided by 1361?
1360
What is the remainder when 152450 is divided by 986?
606
What is the remainder when 3780894 is divided by 673?
653
Calculate the remainder when 4757302 is divided by 65.
17
Calculate the remainder when 8487340 is divided by 771576.
4
What is the remainder when 1166599 is divided by 711?
559
Calculate the remainder when 11640570 is divided by 301.
298
Calculate the remainder when 123740504 is divided by 35.
34
What is the remainder when 196579518 is divided by 292965?
3
Calculate the remainder when 26682 is divided by 2125.
1182
Calculate the remainder when 552260 is divided by 183484.
1808
What is the remainder when 51295 is divided by 6385?
215
Calculate the remainder when 10771 is divided by 143.
46
What is the remainder when 2439694 is divided by 893?
18
What is the remainder when 53046 is divided by 26396?
254
Calculate the remainder when 215443 is divided by 1483.
408
Calculate the remainder when 3713106 is divided by 396.
210
Calculate the remainder when 37317 is divided by 149.
67
What is the remainder when 1108525 is divided by 3004?
49
Calculate the remainder when 323144 is divided by 38.
30
What is the remainder when 468325 is divided by 313?
77
What is the remainder when 385425949 is divided by 6607?
6604
Calculate the remainder when 12182000 is divided by 248.
240
What is the remainder when 24129 is divided by 1698?
357
What is the remainder when 9088217 is divided by 99?
17
Calculate the remainder when 2970894 is divided by 15.
9
Calculate the remainder when 2430 is divided by 1353.
1077
Calculate the remainder when 570586 is divided by 4441.
2138
What is the remainder when 10163919 is divided by 995?
989
What is the remainder when 1519410153 is divided by 13926?
13923
What is the remainder when 427141 is divided by 8882?
805
What is the remainder when 991444 is divided by 3947?
747
Calculate the remainder when 108630 is divided by 11058.
9108
Calculate the remainder when 997335117 is divided by 860.
857
What is the remainder when 220549 is divided by 637?
147
What is the remainder when 1958126 is divided by 555?
86
What is the remainder when 633111057 is divided by 7?
5
Calculate the remainder when 23650017 is divided by 1169.
1147
What is the remainder when 51462099 is divided by 140992?
19
What is the remainder when 5608255 is divided by 3447?
3433
Calculate the remainder when 26195 is divided by 1049.
1019
Calculate the remainder when 6461727 is divided by 1830.
1827
What is the remainder when 68039 is divided by 130?
49
What is the remainder when 55199 is divided by 5494?
259
What is the remainder when 97076 is divided by 32336?
68
Calculate the remainder when 470571 is divided by 234594.
1383
What is the remainder when 103300065 is divided by 1374?
1371
Calculate the remainder when 210138 is divided by 2111.
1149
Calculate the remainder when 2737289 is divided by 49.
2
Calculate the remainder when 11154047 is divided by 937.
936
What is the remainder when 87814 is divided by 21898?
222
What is the remainder when 12427389 is divided by 4679?
4644
Calculate the remainder when 18737184 is divided by 30.
24
Calculate the remainder when 34022486 is divided by 426.
422
Calculate the remainder when 1224187 is divided by 81372.
3607
Calculate the remainder when 43741678 is divided by 82376.
22
What is the remainder when 547999 is divided by 1886?
1059
What is the remainder when 5063532 is divided by 131?
120
Calculate the remainder when 262384 is divided by 100.
84
What is the remainder when 21970585 is divided by 10985291?
3
What is the remainder when 160646 is divided by 5218?
4106
Calculate the remainder when 4315154 is divided by 14.
4
Calculate the remainder when 225986 is divided by 3971.
3610
What is the remainder when 169239 is divided by 2487?
123
What is the remainder when 6014446 is divided by 6014435?
11
What is the remainder when 40757 is divided by 5517?
2138
What is the remainder when 95578 is divided by 1866?
412
Calculate the remainder when 7030363 is divided by 27.
22
Calculate the remainder when 1903113 is divided by 9920.
8393
Calculate the remainder when 4897807 is divided by 61.
56
Calculate the remainder when 13681181 is divided by 12540.
41
Calculate the remainder when 2289916 is divided by 141.
76
What is the remainder when 319162034 is divided by 46908?
2
Calculate the remainder when 7575137 is divided by 64.
33
What is the remainder when 135964 is divided by 44061?
3781
Calculate the remainder when 3374917 is divided by 368.
357
Calculate the remainder when 279837358 is divided by 165.
163
What is the remainder when 42707715 is divided by 5015?
4990
What is the remainder when 159802 is divided by 92?
90
What is the remainder when 1035078 is divided by 172478?
210
Calculate the remainder when 1277129 is divided by 638484.
161
Calculate the remainder when 189573 is divided by 223.
23
What is the remainder when 2352430 is divided by 196030?
70
Calculate the remainder when 21043366 is divided by 65.
6
Calculate the remainder when 2878194 is divided by 156.
150
Calculate the remainder when 215624 is divided by 436.
240
Calculate the remainder when 88772 is divided by 582.
308
Calculate the remainder when 9828122 is divided by 74.
34
What is the remainder when 7011347 is divided by 1815?
2
What is the remainder when 543700049 is divided by 68?
65
Calculate the remainder when 163256261 is divided by 71.
68
What is the remainder when 134781 is divided by 4639?
250
What is the remainder when 91103330 is divided by 628?
626
Calculate the remainder when 743329 is divided by 43721.
72
Calculate the remainder when 186567 is divided by 1348.
543
What is the remainder when 984961 is divided by 196992?
1
What is the remainder when 2946867 is divided by 43325?
767
What is the remainder when 10383 is divided by 3307?
462
Calculate the remainder when 40616 is divided by 39035.
1581
What is the remainder when 3540384571 is divided by 782?
781
Calculate the remainder when 14